= 1383*p + 5988. List the prime factors of a(22).
2, 3, 7, 17
Suppose -26206*w = -26214*w + 65912. List the prime factors of w.
7, 11, 107
Let q = 190 + -186. Suppose -2*l + 316 = -2*g, g + 647 = -0*l + q*l. What are the prime factors of l?
163
Let q = -9209 - -9307. Let w = 22 + -66. Let y = w + q. What are the prime factors of y?
2, 3
Let d(b) = -b**3 + b + 970. Suppose h - 2 = -f, 0 = -5*f + h - 3 + 1. List the prime factors of d(f).
2, 5, 97
Let t(a) = -57*a - 35. Let v(o) = -29*o - 17. Let i(l) = 3*t(l) - 5*v(l). Let d be i(10). Let b = -190 - d. What are the prime factors of b?
2, 3, 5
Let u = 20646 - 19878. List the prime factors of u.
2, 3
Suppose -8*n = -292 + 92. List the prime factors of (-6205)/(-25) - (-20)/n.
3, 83
What are the prime factors of (39/4)/13 + (-196719)/(-12)?
2, 7, 1171
Suppose -9 = 3*t + 3*b, b + 0*b = -2*t - 1. Let x be (-11 - 437)*(-7)/t. Suppose -11*o + x + 401 = 0. What are the prime factors of o?
179
Suppose -31*i + 384506 = -291542. List the prime factors of i.
2, 29, 47
Let i(x) = x**2 + 62*x + 6071. List the prime factors of i(0).
13, 467
Let p(b) = -b**3 + 24*b**2 - 22*b - 11. Let m be p(23). Suppose m*r = 5*r. List the prime factors of r/(-3) - 192*-1.
2, 3
Let s be 7/(-35) + 56684/20. Suppose 7*l - s + 468 = 0. What are the prime factors of l?
2, 13
Suppose 85770 - 960990 = -87*h. List the prime factors of h.
2, 5, 503
Suppose 28149 = -30*n - 3*n. Let i = n - -1475. What are the prime factors of i?
2, 311
Let o be (1/1)/(9/36). Let i = 1058 + -1554. List the prime factors of i/(-4) - (o + -2).
2, 61
Suppose 2*o + 6 = 0, -3*h + 2*o - 152 = 205. Let n = h - 27. Let s = 14 - n. List the prime factors of s.
2, 3
List the prime factors of (20651 - 9) + (-416)/(-32).
3, 5, 17
What are the prime factors of -2 - ((-45)/(-9) - 10031)?
2, 7, 179
Suppose -26*v = -24*v - 8. Suppose k + v*k + 5*g = 80, 2*k - 2*g - 32 = 0. Suppose -k*f + 7*f = -207. What are the prime factors of f?
23
Suppose -3*r + 24 = -11*r. Let y be r/(-18)*-4 + 32/12. Suppose 0 = -l - 5*t - 17, -8 + 28 = 4*l - y*t. List the prime factors of l.
3
Let t(u) = 542*u**2 - 3*u + 6. What are the prime factors of t(5)?
11, 1231
Let s(x) = 4 - 3*x - 5*x + 3*x**3 + x**3 + 3*x + 8*x**2 - 5*x**3. What are the prime factors of s(6)?
2, 23
Suppose 4*r = -3*b + 20953 - 1899, 4*r = -4*b + 19060. What are the prime factors of r?
4759
Let r(w) = 14*w**2 - 6*w + 1. Let z be r(4). Suppose -309 = -5*x + z. List the prime factors of x.
2, 3, 17
Let s = -45 - -39. Let f be 8/s + (-1330)/(-30). Suppose 3 - f = -5*t. What are the prime factors of t?
2
What are the prime factors of (-818244)/(-459) - (-2)/12*-10?
13, 137
Let u = 111 - 111. Suppose -6*s + 2*b + 2286 = -s, 2*s + 2*b - 920 = u. What are the prime factors of s?
2, 229
Suppose 2*a + 5*o = -23, 22 = -3*a - 4*o - o. What are the prime factors of (9*2*a)/((-15)/(-710))?
2, 3, 71
Let z(a) = -a**3 + 4*a**2 + 11*a - 6. Let n = 69 + -55. Suppose n*v = 17*v - 15. List the prime factors of z(v).
2, 3
Let j(o) = -2750*o + 707. What are the prime factors of j(-15)?
41957
Let g be (10/(-15) - -1)/((-4)/362844). What are the prime factors of (g/(-30) - 2) + 8/80?
2, 503
List the prime factors of (-2)/(-2)*(8951 + (-11 - 17)).
8923
Let l = -14242 - -32632. List the prime factors of l.
2, 3, 5, 613
Let w be (-1 + -3)*1*39/(-52). What are the prime factors of w/(-9)*(-1101 - 0)?
367
Let w be (4 + -7)/(3*(-4)/8). Suppose 0 = 2*h - 4*h + 5*c + 530, c = w*h - 546. What are the prime factors of h?
5, 11
Suppose 0 = -l - 3, 2*k = 5*l - 8 + 25. Let a(z) = 90*z - 10. Let r be a(k). List the prime factors of 222 + (r/35 - (-2)/(-7)).
2, 7
Let w(j) = -282*j - 183. List the prime factors of w(-10).
3, 293
Suppose -137*d = 83*d + 59*d - 6132978. What are the prime factors of d?
2, 29, 379
Let h(m) = 71*m**2 - 124*m + 4. What are the prime factors of h(23)?
103, 337
Let s be 21024 + 4 + (-7 - -3). Suppose 21*a = s + 16755. List the prime factors of a.
7, 257
Let y = -44006 + 82782. What are the prime factors of y?
2, 37, 131
Suppose -5 = -5*t, -86*y - 3*t = -89*y + 13485. List the prime factors of y.
2, 281
Suppose 2*b + 691 = -3*j, -5*b + 264 = -3*j - 455. Let w = j - -431. What are the prime factors of (w/(-55))/(2/(-10))?
2, 3
Suppose -118*x + 38341 = -95*x. List the prime factors of x.
1667
Suppose 22*i - 4 = 40. Suppose 5*r = -i*n + 1501, -3*n + 5*r + 3811 = 1522. List the prime factors of n.
2, 379
Let d = -64 - -19. List the prime factors of -4 - 144/d - (-3169)/5.
3, 211
Suppose -153116 + 43012 = 2358*z - 2360*z. List the prime factors of z.
2, 13763
Suppose 181*b = 136*b + 120060. List the prime factors of b.
2, 23, 29
List the prime factors of (-56)/(-280) - 58869/(-5).
2, 7, 29
Let i(g) = -7*g**3 + 8*g**2 + 76*g + 27. List the prime factors of i(-8).
5, 19, 37
Suppose 0 = w - 2*w + 2. Let t(z) = -4*z**3 - 8*z**3 - 2*z - z**3 - 3 + z**w - 2*z. What are the prime factors of t(-2)?
113
Let c = -100872 + 145464. List the prime factors of c.
2, 3, 929
Let u(j) be the second derivative of -j**3/3 - 7*j**2 + 13*j. Let q be u(-7). Suppose z = l - 44 - 54, -2*z = q. List the prime factors of l.
2, 7
Suppose -2*q + 36524 = -2*a - 12104, 4*q - 97301 = -5*a. List the prime factors of q.
83, 293
Let q = -276 + 548. Suppose -271*f = -q*f + 162. What are the prime factors of f?
2, 3
Let q(m) = 217*m - 8. Let f(o) = -216*o + 13. Let p(s) = 2*f(s) + 3*q(s). Suppose -2 = 3*n - 5. List the prime factors of p(n).
13, 17
Let j = 40 + -337. Let x = 2537 + 363. List the prime factors of -1 + x/22 - 54/j.
131
Suppose 0 = -11*r + 7*r + 2*k + 72, -r - 5*k = -7. Suppose 12*y - r*y = -1875. List the prime factors of y.
3, 5
Suppose 20 = i + 4*i + 5*h, -h = -3*i + 4. Suppose -2*c + i = 0, 2*z = 6*c - 2*c + 1042. What are the prime factors of z?
523
Suppose 5*y = 14*w - 18*w + 36464, 5*w + 4*y = 45589. List the prime factors of w.
7, 1303
Let b(y) = y**2 - y - 1. Let s be b(-1). Suppose -s + 11 = 2*k. Suppose x + 118 = 3*x + 3*d, 0 = k*d - 20. List the prime factors of x.
53
What are the prime factors of (4038/5)/(18/30 - (-594)/(-1100))?
2, 5, 673
Let n(p) = -p**3 - 9*p**2 - 13*p + 10. Let s be n(-7). Suppose d - 169 = 5*r - 31, -s*r = 2*d - 211. List the prime factors of d.
113
Let a be (-190)/(-30) + (-4)/3. Suppose 9*r = a*r + 2428. What are the prime factors of r?
607
Let j be (-2)/(4/((-80)/(-12)) + -1). Suppose 0 = -5*u - 2*q - 7, 3*u + 0*u - j*q - 2 = 0. Let h(x) = 88*x**2 + 3*x + 1. What are the prime factors of h(u)?
2, 43
Suppose -40 = 17*p + 3*p. List the prime factors of (p - 2312/12)*(-18)/12.
2, 73
Suppose -2*x = -72 - 114. Suppose 99 + x = f. List the prime factors of f.
2, 3
Suppose -5*i - 15 = -2*i, 0 = 5*y - 3*i - 65. Let d be 0 + 0 - 105/(-3 + y). List the prime factors of (99*(-2)/5)/(6/d).
3, 11
Let b(o) = 178*o - 165. Let i(v) = 60*v - 55. Let g(z) = 6*b(z) - 17*i(z). List the prime factors of g(10).
5, 17
Let s(f) = f**3 - 6*f**2 - 10*f. Let b be ((-9)/(-6))/(5/30). Let c be s(b). Suppose 2*l - 3*l + c = 0. What are the prime factors of l?
3, 17
What are the prime factors of (2*-1)/((18/346635)/(6/(-30)))?
7703
Suppose 1 = 2*s - n, -4*s = s - 2*n - 5. Suppose s*w = -j + 6*j + 470, 5*w - 730 = -5*j. What are the prime factors of w?
2, 3, 5
Let t be ((-8)/(-2))/((-8)/764). Let z = -176 - t. Let f = -101 + z. What are the prime factors of f?
3, 5, 7
Let r = 57 - 54. Suppose 2*m - 1221 = -r*m - 3*s, 0 = 4*m + 2*s - 978. Suppose 0 = -7*x + x + m. List the prime factors of x.
41
Let t(p) = 6*p - 82. Let l be t(21). Suppose -l*x = -41*x - 324. List the prime factors of x.
2, 3
Suppose -4*k = 2*v + 3*v + 261, v + 1 = 0. Let q be k/5*(4 - 123/2). What are the prime factors of ((-3)/2)/((-12)/q)?
2, 23
Suppose 9*f = -231 - 1497. Let r = f + 440. What are the prime factors of r?
2, 31
Suppose 222*o = h + 220*o - 41391, 0 = -5*h - 5*o + 207075. List the prime factors of h.
47, 881
Suppose 2*d - d = 7. Let g(h) = 28*h + 20. List the prime factors of g(d).
2, 3
Suppose 0 = -3*t - 3, -7*t = -3*q - 9*t - 926. Let d = 536 + q. List the prime factors of d.
2, 3, 19
Let l = -353 + 357. Suppose h - 117 + 39 = -x, l*h - 313 = -3*x. What are the prime factors of h?
79
Let i(j) = 8 + j**3 - 27*j**2 - 9*j + 0*j + 20*j**2. Let k be i(8). Suppose k*c - 